{"id":24071,"date":"2022-12-28T16:47:13","date_gmt":"2022-12-28T15:47:13","guid":{"rendered":"https:\/\/kentis.com\/negozio\/pouf-quadrato-da-esterno\/"},"modified":"2022-12-28T16:47:13","modified_gmt":"2022-12-28T15:47:13","slug":"pouf-quadrato-da-esterno","status":"publish","type":"product","link":"https:\/\/kentis.com\/de\/shop\/pouf-quadrato-da-esterno\/","title":{"rendered":"Pouf Quadrato da Esterno"},"content":{"rendered":"<p>MADE IN ITALY &#8211; Il nostro pouf \u00e8 stato realizzato a mano dai nostri artigiani in Italia per donare momenti di comodit\u00e0 e relax ad adulti e bambini, sia dentro che fuori casa. Infatti questo prodotto \u00e8 perfetto sia per gli ambienti interni che esterni.<\/p>\n<p>TESSUTO \u2013 Il tessuto del nostro pouf \u00e8 sfoderabile, idrorepellente e molto resistente, rendendolo cos\u00ec perfetto non solo per gli ambienti interni ma anche per giardini e terrazzi. Inoltre \u00e8 anche lavabile in lavatrice ed \u00e8 possibile stirarlo a bassa temperatura. Infine la certificazione Oeko-tex ne garantisce la sicurezza confermando l\u2019assenza di sostanze nocive alla propria salute.<\/p>\n<p>IMBOTTITURA \u2013 Composta da microperle di EPS atossiche e anallergiche, l\u2019imbottitura di alta qualit\u00e0 garantisce una seduta ergonomica che si modella in base alle forme del corpo. La sua doppia cerniera inoltre impedisce la fuoriuscita delle microperle rendendolo ancora pi\u00f9 sicuro.<\/p>\n<p>PULIZIA \u2013 Nel caso di una piccola macchia consigliamo di andare a strofinare delicatamente con un panno inumidito da acqua e sapone e, una volta rimossa, di risciacquare con acqua pura asciugando poi con un panno pulito. Se invece si vuole avere una pulizia pi\u00f9 approfondita, il tessuto una volta sfoderato pu\u00f2 essere lavato in lavatrice a 30 gradi.<\/p>\n","protected":false},"excerpt":{"rendered":"<p>MADE IN ITALY &#8211; Il nostro pouf \u00e8 stato realizzato [&hellip;]<\/p>\n","protected":false},"featured_media":12543,"template":"","meta":{"_acf_changed":false},"product_cat":[547],"product_tag":[],"class_list":{"0":"post-24071","1":"product","2":"type-product","3":"status-publish","4":"has-post-thumbnail","6":"product_cat-draussen","8":"first","9":"instock","10":"taxable","11":"shipping-taxable","12":"purchasable","13":"product-type-variable","14":"has-default-attributes"},"acf":[],"yoast_head":"<!-- This site is optimized with the Yoast SEO plugin v23.4 - https:\/\/yoast.com\/wordpress\/plugins\/seo\/ -->\n<title>Pouf quadrato da esterno e interno Made in Italy con tessuto idrorepellente<\/title>\n<meta name=\"description\" content=\"Il nostro pouf quadrato Made in Italy \u00e8 rivestito da tessuto sfoderabile idrorepellente che lo rende perfetto per l&#039;utilizzo esterno\" \/>\n<meta name=\"robots\" content=\"index, follow, max-snippet:-1, max-image-preview:large, max-video-preview:-1\" \/>\n<link rel=\"canonical\" href=\"https:\/\/kentis.com\/de\/shop\/pouf-quadrato-da-esterno\/\" \/>\n<meta property=\"og:locale\" content=\"de_DE\" \/>\n<meta property=\"og:type\" content=\"article\" \/>\n<meta property=\"og:title\" content=\"Pouf quadrato da esterno e interno Made in Italy con tessuto idrorepellente\" \/>\n<meta property=\"og:description\" content=\"Il nostro pouf quadrato Made in Italy \u00e8 rivestito da tessuto sfoderabile idrorepellente che lo rende perfetto per l&#039;utilizzo esterno\" \/>\n<meta property=\"og:url\" content=\"https:\/\/kentis.com\/de\/shop\/pouf-quadrato-da-esterno\/\" \/>\n<meta property=\"og:site_name\" content=\"Kentis\" \/>\n<meta property=\"article:publisher\" content=\"https:\/\/www.facebook.com\/kentisgarden\" \/>\n<meta property=\"og:image\" content=\"https:\/\/kentis.com\/wp-content\/uploads\/2022\/12\/PARTICOLARE_quadrato_02.jpg\" \/>\n\t<meta property=\"og:image:width\" content=\"1250\" \/>\n\t<meta property=\"og:image:height\" content=\"1250\" \/>\n\t<meta property=\"og:image:type\" content=\"image\/jpeg\" \/>\n<meta name=\"twitter:card\" content=\"summary_large_image\" \/>\n<meta name=\"twitter:label1\" content=\"Gesch\u00e4tzte Lesezeit\" \/>\n\t<meta name=\"twitter:data1\" content=\"1\u00a0Minute\" \/>\n<script type=\"application\/ld+json\" class=\"yoast-schema-graph\">{\"@context\":\"https:\/\/schema.org\",\"@graph\":[{\"@type\":\"WebPage\",\"@id\":\"https:\/\/kentis.com\/de\/shop\/pouf-quadrato-da-esterno\/\",\"url\":\"https:\/\/kentis.com\/de\/shop\/pouf-quadrato-da-esterno\/\",\"name\":\"Pouf quadrato da esterno e interno Made in Italy con tessuto idrorepellente\",\"isPartOf\":{\"@id\":\"https:\/\/kentis.com\/de\/#website\"},\"primaryImageOfPage\":{\"@id\":\"https:\/\/kentis.com\/de\/shop\/pouf-quadrato-da-esterno\/#primaryimage\"},\"image\":{\"@id\":\"https:\/\/kentis.com\/de\/shop\/pouf-quadrato-da-esterno\/#primaryimage\"},\"thumbnailUrl\":\"https:\/\/kentis.com\/wp-content\/uploads\/2022\/12\/PARTICOLARE_quadrato_02.jpg\",\"datePublished\":\"2022-12-28T15:47:13+00:00\",\"dateModified\":\"2022-12-28T15:47:13+00:00\",\"description\":\"Il nostro pouf quadrato Made in Italy \u00e8 rivestito da tessuto sfoderabile idrorepellente che lo rende perfetto per l'utilizzo esterno\",\"breadcrumb\":{\"@id\":\"https:\/\/kentis.com\/de\/shop\/pouf-quadrato-da-esterno\/#breadcrumb\"},\"inLanguage\":\"de\",\"potentialAction\":[{\"@type\":\"ReadAction\",\"target\":[\"https:\/\/kentis.com\/de\/shop\/pouf-quadrato-da-esterno\/\"]}]},{\"@type\":\"ImageObject\",\"inLanguage\":\"de\",\"@id\":\"https:\/\/kentis.com\/de\/shop\/pouf-quadrato-da-esterno\/#primaryimage\",\"url\":\"https:\/\/kentis.com\/wp-content\/uploads\/2022\/12\/PARTICOLARE_quadrato_02.jpg\",\"contentUrl\":\"https:\/\/kentis.com\/wp-content\/uploads\/2022\/12\/PARTICOLARE_quadrato_02.jpg\",\"width\":1250,\"height\":1250},{\"@type\":\"BreadcrumbList\",\"@id\":\"https:\/\/kentis.com\/de\/shop\/pouf-quadrato-da-esterno\/#breadcrumb\",\"itemListElement\":[{\"@type\":\"ListItem\",\"position\":1,\"name\":\"Home\",\"item\":\"https:\/\/kentis.com\/de\/\"},{\"@type\":\"ListItem\",\"position\":2,\"name\":\"Gesch\u00e4ft\",\"item\":\"https:\/\/kentis.com\/de\/shop\/\"},{\"@type\":\"ListItem\",\"position\":3,\"name\":\"Drau\u00dfen\",\"item\":\"https:\/\/kentis.com\/de\/produkt-kategorie\/draussen\/\"},{\"@type\":\"ListItem\",\"position\":4,\"name\":\"Pouf Quadrato da Esterno\"}]},{\"@type\":\"WebSite\",\"@id\":\"https:\/\/kentis.com\/de\/#website\",\"url\":\"https:\/\/kentis.com\/de\/\",\"name\":\"Kentis\",\"description\":\"Atelier del verde\",\"publisher\":{\"@id\":\"https:\/\/kentis.com\/de\/#organization\"},\"potentialAction\":[{\"@type\":\"SearchAction\",\"target\":{\"@type\":\"EntryPoint\",\"urlTemplate\":\"https:\/\/kentis.com\/de\/?s={search_term_string}\"},\"query-input\":{\"@type\":\"PropertyValueSpecification\",\"valueRequired\":true,\"valueName\":\"search_term_string\"}}],\"inLanguage\":\"de\"},{\"@type\":\"Organization\",\"@id\":\"https:\/\/kentis.com\/de\/#organization\",\"name\":\"Kentis\",\"url\":\"https:\/\/kentis.com\/de\/\",\"logo\":{\"@type\":\"ImageObject\",\"inLanguage\":\"de\",\"@id\":\"https:\/\/kentis.com\/de\/#\/schema\/logo\/image\/\",\"url\":\"https:\/\/kentis.com\/wp-content\/uploads\/2021\/08\/logo-main.png\",\"contentUrl\":\"https:\/\/kentis.com\/wp-content\/uploads\/2021\/08\/logo-main.png\",\"width\":800,\"height\":204,\"caption\":\"Kentis\"},\"image\":{\"@id\":\"https:\/\/kentis.com\/de\/#\/schema\/logo\/image\/\"},\"sameAs\":[\"https:\/\/www.facebook.com\/kentisgarden\",\"https:\/\/www.instagram.com\/kentisgarden\/\",\"https:\/\/it.pinterest.com\/kentisgarden\",\"https:\/\/www.tiktok.com\/@kentis.com\"]}]}<\/script>\n<!-- \/ Yoast SEO plugin. -->","yoast_head_json":{"title":"Pouf quadrato da esterno e interno Made in Italy con tessuto idrorepellente","description":"Il nostro pouf quadrato Made in Italy \u00e8 rivestito da tessuto sfoderabile idrorepellente che lo rende perfetto per l'utilizzo esterno","robots":{"index":"index","follow":"follow","max-snippet":"max-snippet:-1","max-image-preview":"max-image-preview:large","max-video-preview":"max-video-preview:-1"},"canonical":"https:\/\/kentis.com\/de\/shop\/pouf-quadrato-da-esterno\/","og_locale":"de_DE","og_type":"article","og_title":"Pouf quadrato da esterno e interno Made in Italy con tessuto idrorepellente","og_description":"Il nostro pouf quadrato Made in Italy \u00e8 rivestito da tessuto sfoderabile idrorepellente che lo rende perfetto per l'utilizzo esterno","og_url":"https:\/\/kentis.com\/de\/shop\/pouf-quadrato-da-esterno\/","og_site_name":"Kentis","article_publisher":"https:\/\/www.facebook.com\/kentisgarden","og_image":[{"width":1250,"height":1250,"url":"https:\/\/kentis.com\/wp-content\/uploads\/2022\/12\/PARTICOLARE_quadrato_02.jpg","type":"image\/jpeg"}],"twitter_card":"summary_large_image","twitter_misc":{"Gesch\u00e4tzte Lesezeit":"1\u00a0Minute"},"schema":{"@context":"https:\/\/schema.org","@graph":[{"@type":"WebPage","@id":"https:\/\/kentis.com\/de\/shop\/pouf-quadrato-da-esterno\/","url":"https:\/\/kentis.com\/de\/shop\/pouf-quadrato-da-esterno\/","name":"Pouf quadrato da esterno e interno Made in Italy con tessuto idrorepellente","isPartOf":{"@id":"https:\/\/kentis.com\/de\/#website"},"primaryImageOfPage":{"@id":"https:\/\/kentis.com\/de\/shop\/pouf-quadrato-da-esterno\/#primaryimage"},"image":{"@id":"https:\/\/kentis.com\/de\/shop\/pouf-quadrato-da-esterno\/#primaryimage"},"thumbnailUrl":"https:\/\/kentis.com\/wp-content\/uploads\/2022\/12\/PARTICOLARE_quadrato_02.jpg","datePublished":"2022-12-28T15:47:13+00:00","dateModified":"2022-12-28T15:47:13+00:00","description":"Il nostro pouf quadrato Made in Italy \u00e8 rivestito da tessuto sfoderabile idrorepellente che lo rende perfetto per l'utilizzo esterno","breadcrumb":{"@id":"https:\/\/kentis.com\/de\/shop\/pouf-quadrato-da-esterno\/#breadcrumb"},"inLanguage":"de","potentialAction":[{"@type":"ReadAction","target":["https:\/\/kentis.com\/de\/shop\/pouf-quadrato-da-esterno\/"]}]},{"@type":"ImageObject","inLanguage":"de","@id":"https:\/\/kentis.com\/de\/shop\/pouf-quadrato-da-esterno\/#primaryimage","url":"https:\/\/kentis.com\/wp-content\/uploads\/2022\/12\/PARTICOLARE_quadrato_02.jpg","contentUrl":"https:\/\/kentis.com\/wp-content\/uploads\/2022\/12\/PARTICOLARE_quadrato_02.jpg","width":1250,"height":1250},{"@type":"BreadcrumbList","@id":"https:\/\/kentis.com\/de\/shop\/pouf-quadrato-da-esterno\/#breadcrumb","itemListElement":[{"@type":"ListItem","position":1,"name":"Home","item":"https:\/\/kentis.com\/de\/"},{"@type":"ListItem","position":2,"name":"Gesch\u00e4ft","item":"https:\/\/kentis.com\/de\/shop\/"},{"@type":"ListItem","position":3,"name":"Drau\u00dfen","item":"https:\/\/kentis.com\/de\/produkt-kategorie\/draussen\/"},{"@type":"ListItem","position":4,"name":"Pouf Quadrato da Esterno"}]},{"@type":"WebSite","@id":"https:\/\/kentis.com\/de\/#website","url":"https:\/\/kentis.com\/de\/","name":"Kentis","description":"Atelier del verde","publisher":{"@id":"https:\/\/kentis.com\/de\/#organization"},"potentialAction":[{"@type":"SearchAction","target":{"@type":"EntryPoint","urlTemplate":"https:\/\/kentis.com\/de\/?s={search_term_string}"},"query-input":{"@type":"PropertyValueSpecification","valueRequired":true,"valueName":"search_term_string"}}],"inLanguage":"de"},{"@type":"Organization","@id":"https:\/\/kentis.com\/de\/#organization","name":"Kentis","url":"https:\/\/kentis.com\/de\/","logo":{"@type":"ImageObject","inLanguage":"de","@id":"https:\/\/kentis.com\/de\/#\/schema\/logo\/image\/","url":"https:\/\/kentis.com\/wp-content\/uploads\/2021\/08\/logo-main.png","contentUrl":"https:\/\/kentis.com\/wp-content\/uploads\/2021\/08\/logo-main.png","width":800,"height":204,"caption":"Kentis"},"image":{"@id":"https:\/\/kentis.com\/de\/#\/schema\/logo\/image\/"},"sameAs":["https:\/\/www.facebook.com\/kentisgarden","https:\/\/www.instagram.com\/kentisgarden\/","https:\/\/it.pinterest.com\/kentisgarden","https:\/\/www.tiktok.com\/@kentis.com"]}]}},"_links":{"self":[{"href":"https:\/\/kentis.com\/de\/wp-json\/wp\/v2\/product\/24071","targetHints":{"allow":["GET"]}}],"collection":[{"href":"https:\/\/kentis.com\/de\/wp-json\/wp\/v2\/product"}],"about":[{"href":"https:\/\/kentis.com\/de\/wp-json\/wp\/v2\/types\/product"}],"wp:featuredmedia":[{"embeddable":true,"href":"https:\/\/kentis.com\/de\/wp-json\/wp\/v2\/media\/12543"}],"wp:attachment":[{"href":"https:\/\/kentis.com\/de\/wp-json\/wp\/v2\/media?parent=24071"}],"wp:term":[{"taxonomy":"product_cat","embeddable":true,"href":"https:\/\/kentis.com\/de\/wp-json\/wp\/v2\/product_cat?post=24071"},{"taxonomy":"product_tag","embeddable":true,"href":"https:\/\/kentis.com\/de\/wp-json\/wp\/v2\/product_tag?post=24071"}],"curies":[{"name":"wp","href":"https:\/\/api.w.org\/{rel}","templated":true}]}}

<p>MADE IN ITALY &#8211; Il nostro pouf è stato realizzato a mano dai nostri artigiani in Italia per donare momenti di comodità e relax ad adulti e bambini, sia dentro che fuori casa. Infatti questo prodotto è perfetto sia per gli ambienti interni che esterni.</p>
<p>TESSUTO – Il tessuto del nostro pouf è sfoderabile, idrorepellente e molto resistente, rendendolo così perfetto non solo per gli ambienti interni ma anche per giardini e terrazzi. Inoltre è anche lavabile in lavatrice ed è possibile stirarlo a bassa temperatura. Infine la certificazione Oeko-tex ne garantisce la sicurezza confermando l’assenza di sostanze nocive alla propria salute.</p>
<p>IMBOTTITURA – Composta da microperle di EPS atossiche e anallergiche, l’imbottitura di alta qualità garantisce una seduta ergonomica che si modella in base alle forme del corpo. La sua doppia cerniera inoltre impedisce la fuoriuscita delle microperle rendendolo ancora più sicuro.</p>
<p>PULIZIA – Nel caso di una piccola macchia consigliamo di andare a strofinare delicatamente con un panno inumidito da acqua e sapone e, una volta rimossa, di risciacquare con acqua pura asciugando poi con un panno pulito. Se invece si vuole avere una pulizia più approfondita, il tessuto una volta sfoderato può essere lavato in lavatrice a 30 gradi.</p>

<p>MADE IN ITALY &#8211; Il nostro pouf è stato realizzato [&hellip;]</p>

<!-- This site is optimized with the Yoast SEO plugin v23.4 - https://yoast.com/wordpress/plugins/seo/ -->
<title>Pouf quadrato da esterno e interno Made in Italy con tessuto idrorepellente</title>
<meta name="description" content="Il nostro pouf quadrato Made in Italy è rivestito da tessuto sfoderabile idrorepellente che lo rende perfetto per l&#039;utilizzo esterno" />
<meta name="robots" content="index, follow, max-snippet:-1, max-image-preview:large, max-video-preview:-1" />
<link rel="canonical" href="https://kentis.com/de/shop/pouf-quadrato-da-esterno/" />
<meta property="og:locale" content="de_DE" />
<meta property="og:type" content="article" />
<meta property="og:title" content="Pouf quadrato da esterno e interno Made in Italy con tessuto idrorepellente" />
<meta property="og:description" content="Il nostro pouf quadrato Made in Italy è rivestito da tessuto sfoderabile idrorepellente che lo rende perfetto per l&#039;utilizzo esterno" />
<meta property="og:url" content="https://kentis.com/de/shop/pouf-quadrato-da-esterno/" />
<meta property="og:site_name" content="Kentis" />
<meta property="article:publisher" content="https://www.facebook.com/kentisgarden" />
<meta property="og:image" content="https://kentis.com/wp-content/uploads/2022/12/PARTICOLARE_quadrato_02.jpg" />
	<meta property="og:image:width" content="1250" />
	<meta property="og:image:height" content="1250" />
	<meta property="og:image:type" content="image/jpeg" />
<meta name="twitter:card" content="summary_large_image" />
<meta name="twitter:label1" content="Geschätzte Lesezeit" />
	<meta name="twitter:data1" content="1 Minute" />
<script type="application/ld+json" class="yoast-schema-graph">{"@context":"https://schema.org","@graph":[{"@type":"WebPage","@id":"https://kentis.com/de/shop/pouf-quadrato-da-esterno/","url":"https://kentis.com/de/shop/pouf-quadrato-da-esterno/","name":"Pouf quadrato da esterno e interno Made in Italy con tessuto idrorepellente","isPartOf":{"@id":"https://kentis.com/de/#website"},"primaryImageOfPage":{"@id":"https://kentis.com/de/shop/pouf-quadrato-da-esterno/#primaryimage"},"image":{"@id":"https://kentis.com/de/shop/pouf-quadrato-da-esterno/#primaryimage"},"thumbnailUrl":"https://kentis.com/wp-content/uploads/2022/12/PARTICOLARE_quadrato_02.jpg","datePublished":"2022-12-28T15:47:13+00:00","dateModified":"2022-12-28T15:47:13+00:00","description":"Il nostro pouf quadrato Made in Italy è rivestito da tessuto sfoderabile idrorepellente che lo rende perfetto per l'utilizzo esterno","breadcrumb":{"@id":"https://kentis.com/de/shop/pouf-quadrato-da-esterno/#breadcrumb"},"inLanguage":"de","potentialAction":[{"@type":"ReadAction","target":["https://kentis.com/de/shop/pouf-quadrato-da-esterno/"]}]},{"@type":"ImageObject","inLanguage":"de","@id":"https://kentis.com/de/shop/pouf-quadrato-da-esterno/#primaryimage","url":"https://kentis.com/wp-content/uploads/2022/12/PARTICOLARE_quadrato_02.jpg","contentUrl":"https://kentis.com/wp-content/uploads/2022/12/PARTICOLARE_quadrato_02.jpg","width":1250,"height":1250},{"@type":"BreadcrumbList","@id":"https://kentis.com/de/shop/pouf-quadrato-da-esterno/#breadcrumb","itemListElement":[{"@type":"ListItem","position":1,"name":"Home","item":"https://kentis.com/de/"},{"@type":"ListItem","position":2,"name":"Geschäft","item":"https://kentis.com/de/shop/"},{"@type":"ListItem","position":3,"name":"Draußen","item":"https://kentis.com/de/produkt-kategorie/draussen/"},{"@type":"ListItem","position":4,"name":"Pouf Quadrato da Esterno"}]},{"@type":"WebSite","@id":"https://kentis.com/de/#website","url":"https://kentis.com/de/","name":"Kentis","description":"Atelier del verde","publisher":{"@id":"https://kentis.com/de/#organization"},"potentialAction":[{"@type":"SearchAction","target":{"@type":"EntryPoint","urlTemplate":"https://kentis.com/de/?s={search_term_string}"},"query-input":{"@type":"PropertyValueSpecification","valueRequired":true,"valueName":"search_term_string"}}],"inLanguage":"de"},{"@type":"Organization","@id":"https://kentis.com/de/#organization","name":"Kentis","url":"https://kentis.com/de/","logo":{"@type":"ImageObject","inLanguage":"de","@id":"https://kentis.com/de/#/schema/logo/image/","url":"https://kentis.com/wp-content/uploads/2021/08/logo-main.png","contentUrl":"https://kentis.com/wp-content/uploads/2021/08/logo-main.png","width":800,"height":204,"caption":"Kentis"},"image":{"@id":"https://kentis.com/de/#/schema/logo/image/"},"sameAs":["https://www.facebook.com/kentisgarden","https://www.instagram.com/kentisgarden/","https://it.pinterest.com/kentisgarden","https://www.tiktok.com/@kentis.com"]}]}</script>
<!-- / Yoast SEO plugin. -->

Il nostro pouf quadrato Made in Italy è rivestito da tessuto sfoderabile idrorepellente che lo rende perfetto per l'utilizzo esterno

Geschäft

Draußen
